[INFO] fetching crate null-vec 0.1.0...
[INFO] checking null-vec-0.1.0 against try#72f88fc4e9458f89516a0b8b0868f3718aec5b47 for pr-74989
[INFO] extracting crate null-vec 0.1.0 into /workspace/builds/worker-5/source
[INFO] validating manifest of crates.io crate null-vec 0.1.0 on toolchain 72f88fc4e9458f89516a0b8b0868f3718aec5b47
[INFO] running `Command { std: "/workspace/cargo-home/bin/cargo" "+72f88fc4e9458f89516a0b8b0868f3718aec5b47" "read-manifest" "--manifest-path" "Cargo.toml", kill_on_drop: false }`
[INFO] started tweaking crates.io crate null-vec 0.1.0
[INFO] finished tweaking crates.io crate null-vec 0.1.0
[INFO] tweaked toml for crates.io crate null-vec 0.1.0 written to /workspace/builds/worker-5/source/Cargo.toml
[INFO] running `Command { std: "/workspace/cargo-home/bin/cargo" "+72f88fc4e9458f89516a0b8b0868f3718aec5b47" "generate-lockfile" "--manifest-path" "Cargo.toml" "-Zno-index-update", kill_on_drop: false }`
[INFO] running `Command { std: "/workspace/cargo-home/bin/cargo" "+72f88fc4e9458f89516a0b8b0868f3718aec5b47" "fetch" "--locked" "--manifest-path" "Cargo.toml", kill_on_drop: false }`
[INFO] [stderr]     Blocking waiting for file lock on package cache
[INFO] running `Command { std: "docker" "create" "-v" "/var/lib/crater-agent-workspace/builds/worker-5/target:/opt/rustwide/target:rw,Z" "-v" "/var/lib/crater-agent-workspace/builds/worker-5/source:/opt/rustwide/workdir:ro,Z" "-v" "/var/lib/crater-agent-workspace/cargo-home:/opt/rustwide/cargo-home:ro,Z" "-v" "/var/lib/crater-agent-workspace/rustup-home:/opt/rustwide/rustup-home:ro,Z" "-e" "SOURCE_DIR=/opt/rustwide/workdir" "-e" "CARGO_TARGET_DIR=/opt/rustwide/target" "-e" "CARGO_HOME=/opt/rustwide/cargo-home" "-e" "RUSTUP_HOME=/opt/rustwide/rustup-home" "-w" "/opt/rustwide/workdir" "-m" "1610612736" "--user" "0:0" "--network" "none" "rustops/crates-build-env@sha256:d92eaeed33fa75130ca1ee6c8a01d1ffb62bac859dfdfb3450e3e5d1c0146529" "/opt/rustwide/cargo-home/bin/cargo" "+72f88fc4e9458f89516a0b8b0868f3718aec5b47" "metadata" "--no-deps" "--format-version=1", kill_on_drop: false }`
[INFO] [stderr] WARNING: Your kernel does not support swap limit capabilities or the cgroup is not mounted. Memory limited without swap.
[INFO] [stdout] fc947b0bfe64baddebdcbd2d75e837e9623e195140c851ecc1e7fc7792adf25c
[INFO] running `Command { std: "docker" "start" "-a" "fc947b0bfe64baddebdcbd2d75e837e9623e195140c851ecc1e7fc7792adf25c", kill_on_drop: false }`
[INFO] running `Command { std: "docker" "inspect" "fc947b0bfe64baddebdcbd2d75e837e9623e195140c851ecc1e7fc7792adf25c", kill_on_drop: false }`
[INFO] running `Command { std: "docker" "rm" "-f" "fc947b0bfe64baddebdcbd2d75e837e9623e195140c851ecc1e7fc7792adf25c", kill_on_drop: false }`
[INFO] [stdout] fc947b0bfe64baddebdcbd2d75e837e9623e195140c851ecc1e7fc7792adf25c
[INFO] running `Command { std: "docker" "create" "-v" "/var/lib/crater-agent-workspace/builds/worker-5/target:/opt/rustwide/target:rw,Z" "-v" "/var/lib/crater-agent-workspace/builds/worker-5/source:/opt/rustwide/workdir:ro,Z" "-v" "/var/lib/crater-agent-workspace/cargo-home:/opt/rustwide/cargo-home:ro,Z" "-v" "/var/lib/crater-agent-workspace/rustup-home:/opt/rustwide/rustup-home:ro,Z" "-e" "SOURCE_DIR=/opt/rustwide/workdir" "-e" "CARGO_TARGET_DIR=/opt/rustwide/target" "-e" "CARGO_INCREMENTAL=0" "-e" "RUST_BACKTRACE=full" "-e" "RUSTFLAGS=--cap-lints=forbid" "-e" "CARGO_HOME=/opt/rustwide/cargo-home" "-e" "RUSTUP_HOME=/opt/rustwide/rustup-home" "-w" "/opt/rustwide/workdir" "-m" "1610612736" "--user" "0:0" "--network" "none" "rustops/crates-build-env@sha256:d92eaeed33fa75130ca1ee6c8a01d1ffb62bac859dfdfb3450e3e5d1c0146529" "/opt/rustwide/cargo-home/bin/cargo" "+72f88fc4e9458f89516a0b8b0868f3718aec5b47" "check" "--frozen" "--all" "--all-targets" "--message-format=json", kill_on_drop: false }`
[INFO] [stdout] 5b27536baca3f2fd573599a85d85a4e9fe66976de1b6b72c05d20ea441f51360
[INFO] [stderr] WARNING: Your kernel does not support swap limit capabilities or the cgroup is not mounted. Memory limited without swap.
[INFO] running `Command { std: "docker" "start" "-a" "5b27536baca3f2fd573599a85d85a4e9fe66976de1b6b72c05d20ea441f51360", kill_on_drop: false }`
[INFO] [stderr]     Checking null-vec v0.1.0 (/opt/rustwide/workdir)
[INFO] [stdout] error[E0658]: use of unstable library feature 'raw_vec_internals': implementation detail
[INFO] [stdout]  --> src/lib.rs:8:5
[INFO] [stdout]   |
[INFO] [stdout] 8 | use alloc::raw_vec::RawVec;
[INFO] [stdout]   |     ^^^^^^^^^^^^^^^^^^^^^^
[INFO] [stdout]   |
[INFO] [stdout]   = help: add `#![feature(raw_vec_internals)]` to the crate attributes to enable
[INFO] [stdout] 
[INFO] [stdout] 
[INFO] [stdout] error[E0658]: use of unstable library feature 'raw_vec_internals': implementation detail
[INFO] [stdout]   --> src/lib.rs:45:10
[INFO] [stdout]    |
[INFO] [stdout] 45 |     raw: RawVec<T>,
[INFO] [stdout]    |          ^^^^^^^^^
[INFO] [stdout]    |
[INFO] [stdout]    = help: add `#![feature(raw_vec_internals)]` to the crate attributes to enable
[INFO] [stdout] 
[INFO] [stdout] 
[INFO] [stdout] error[E0658]: use of unstable library feature 'raw_vec_internals': implementation detail
[INFO] [stdout]   --> src/lib.rs:50:24
[INFO] [stdout]    |
[INFO] [stdout] 50 |         NullVec { raw: RawVec::new() }
[INFO] [stdout]    |                        ^^^^^^^^^^^
[INFO] [stdout]    |
[INFO] [stdout]    = help: add `#![feature(raw_vec_internals)]` to the crate attributes to enable
[INFO] [stdout] 
[INFO] [stdout] 
[INFO] [stdout] error[E0658]: use of unstable library feature 'raw_vec_internals': implementation detail
[INFO] [stdout]   --> src/lib.rs:54:38
[INFO] [stdout]    |
[INFO] [stdout] 54 |         let mut vec = NullVec { raw: RawVec::with_capacity(cap) };
[INFO] [stdout]    |                                      ^^^^^^^^^^^^^^^^^^^^^
[INFO] [stdout]    |
[INFO] [stdout]    = help: add `#![feature(raw_vec_internals)]` to the crate attributes to enable
[INFO] [stdout] 
[INFO] [stdout] 
[INFO] [stdout] error[E0658]: use of unstable library feature 'raw_vec_internals': implementation detail
[INFO] [stdout]  --> src/lib.rs:8:5
[INFO] [stdout]   |
[INFO] [stdout] 8 | use alloc::raw_vec::RawVec;
[INFO] [stdout]   |     ^^^^^^^^^^^^^^^^^^^^^^
[INFO] [stdout]   |
[INFO] [stdout]   = help: add `#![feature(raw_vec_internals)]` to the crate attributes to enable
[INFO] [stdout] 
[INFO] [stdout] 
[INFO] [stdout] error[E0658]: use of unstable library feature 'raw_vec_internals': implementation detail
[INFO] [stdout]   --> src/lib.rs:45:10
[INFO] [stdout]    |
[INFO] [stdout] 45 |     raw: RawVec<T>,
[INFO] [stdout]    |          ^^^^^^^^^
[INFO] [stdout]    |
[INFO] [stdout]    = help: add `#![feature(raw_vec_internals)]` to the crate attributes to enable
[INFO] [stdout] 
[INFO] [stdout] 
[INFO] [stdout] error[E0658]: use of unstable library feature 'raw_vec_internals': implementation detail
[INFO] [stdout]   --> src/lib.rs:50:24
[INFO] [stdout]    |
[INFO] [stdout] 50 |         NullVec { raw: RawVec::new() }
[INFO] [stdout]    |                        ^^^^^^^^^^^
[INFO] [stdout]    |
[INFO] [stdout]    = help: add `#![feature(raw_vec_internals)]` to the crate attributes to enable
[INFO] [stdout] 
[INFO] [stdout] 
[INFO] [stdout] error[E0658]: use of unstable library feature 'raw_vec_internals': implementation detail
[INFO] [stdout]   --> src/lib.rs:54:38
[INFO] [stdout]    |
[INFO] [stdout] 54 |         let mut vec = NullVec { raw: RawVec::with_capacity(cap) };
[INFO] [stdout]    |                                      ^^^^^^^^^^^^^^^^^^^^^
[INFO] [stdout]    |
[INFO] [stdout]    = help: add `#![feature(raw_vec_internals)]` to the crate attributes to enable
[INFO] [stdout] 
[INFO] [stdout] 
[INFO] [stdout] error[E0599]: no method named `cap` found for struct `RawVec<_>` in the current scope
[INFO] [stdout]   --> src/lib.rs:55:29
[INFO] [stdout]    |
[INFO] [stdout] 55 |         for i in 0..vec.raw.cap() {
[INFO] [stdout]    |                             ^^^ private field, not a method
[INFO] [stdout] 
[INFO] [stdout] 
[INFO] [stdout] error[E0599]: no method named `cap` found for struct `RawVec<T>` in the current scope
[INFO] [stdout]   --> src/lib.rs:65:28
[INFO] [stdout]    |
[INFO] [stdout] 65 |         let cap = self.raw.cap();
[INFO] [stdout]    |                            ^^^ private field, not a method
[INFO] [stdout] 
[INFO] [stdout] 
[INFO] [stdout] error[E0658]: use of unstable library feature 'raw_vec_internals': implementation detail
[INFO] [stdout]   --> src/lib.rs:67:22
[INFO] [stdout]    |
[INFO] [stdout] 67 |             self.raw.reserve(cap, idx - cap + 1);
[INFO] [stdout]    |                      ^^^^^^^
[INFO] [stdout]    |
[INFO] [stdout]    = help: add `#![feature(raw_vec_internals)]` to the crate attributes to enable
[INFO] [stdout] 
[INFO] [stdout] 
[INFO] [stdout] error[E0599]: no method named `cap` found for struct `RawVec<T>` in the current scope
[INFO] [stdout]   --> src/lib.rs:68:36
[INFO] [stdout]    |
[INFO] [stdout] 68 |             for i in cap..self.raw.cap() {
[INFO] [stdout]    |                                    ^^^ private field, not a method
[INFO] [stdout] 
[INFO] [stdout] 
[INFO] [stdout] error[E0599]: no method named `cap` found for struct `RawVec<T>` in the current scope
[INFO] [stdout]   --> src/lib.rs:80:27
[INFO] [stdout]    |
[INFO] [stdout] 80 |         if idx < self.raw.cap() {
[INFO] [stdout]    |                           ^^^ private field, not a method
[INFO] [stdout] 
[INFO] [stdout] 
[INFO] [stdout] error[E0599]: no method named `cap` found for struct `RawVec<T>` in the current scope
[INFO] [stdout]   --> src/lib.rs:89:27
[INFO] [stdout]    |
[INFO] [stdout] 89 |         if idx < self.raw.cap() {
[INFO] [stdout]    |                           ^^^ private field, not a method
[INFO] [stdout] 
[INFO] [stdout] 
[INFO] [stdout] error[E0599]: no method named `cap` found for struct `RawVec<T>` in the current scope
[INFO] [stdout]   --> src/lib.rs:99:34
[INFO] [stdout]    |
[INFO] [stdout] 99 |         for i in start..self.raw.cap() {
[INFO] [stdout]    |                                  ^^^ private field, not a method
[INFO] [stdout] 
[INFO] [stdout] 
[INFO] [stdout] error[E0599]: no method named `cap` found for struct `RawVec<T>` in the current scope
[INFO] [stdout]    --> src/lib.rs:106:25
[INFO] [stdout]     |
[INFO] [stdout] 106 |         return self.raw.cap()
[INFO] [stdout]     |                         ^^^ private field, not a method
[INFO] [stdout] 
[INFO] [stdout] 
[INFO] [stdout] error[E0658]: use of unstable library feature 'raw_vec_internals': implementation detail
[INFO] [stdout]    --> src/lib.rs:110:20
[INFO] [stdout]     |
[INFO] [stdout] 110 |         &*self.raw.ptr().offset(idx as isize)
[INFO] [stdout]     |                    ^^^
[INFO] [stdout]     |
[INFO] [stdout]     = help: add `#![feature(raw_vec_internals)]` to the crate attributes to enable
[INFO] [stdout] 
[INFO] [stdout] 
[INFO] [stdout] error[E0658]: use of unstable library feature 'raw_vec_internals': implementation detail
[INFO] [stdout]    --> src/lib.rs:114:24
[INFO] [stdout]     |
[INFO] [stdout] 114 |         &mut *self.raw.ptr().offset(idx as isize)
[INFO] [stdout]     |                        ^^^
[INFO] [stdout]     |
[INFO] [stdout]     = help: add `#![feature(raw_vec_internals)]` to the crate attributes to enable
[INFO] [stdout] 
[INFO] [stdout] 
[INFO] [stdout] error: aborting due to 14 previous errors
[INFO] [stdout] 
[INFO] [stdout] 
[INFO] [stdout] Some errors have detailed explanations: E0599, E0658.
[INFO] [stdout] 
[INFO] [stdout] For more information about an error, try `rustc --explain E0599`.
[INFO] [stdout] 
[INFO] [stdout] error[E0599]: no method named `cap` found for struct `RawVec<_>` in the current scope
[INFO] [stdout]   --> src/lib.rs:55:29
[INFO] [stdout]    |
[INFO] [stdout] 55 |         for i in 0..vec.raw.cap() {
[INFO] [stdout]    |                             ^^^ private field, not a method
[INFO] [stdout] 
[INFO] [stdout] 
[INFO] [stdout] error[E0599]: no method named `cap` found for struct `RawVec<T>` in the current scope
[INFO] [stdout]   --> src/lib.rs:65:28
[INFO] [stdout]    |
[INFO] [stdout] 65 |         let cap = self.raw.cap();
[INFO] [stdout]    |                            ^^^ private field, not a method
[INFO] [stdout] 
[INFO] [stdout] 
[INFO] [stdout] error[E0658]: use of unstable library feature 'raw_vec_internals': implementation detail
[INFO] [stdout]   --> src/lib.rs:67:22
[INFO] [stdout]    |
[INFO] [stdout] 67 |             self.raw.reserve(cap, idx - cap + 1);
[INFO] [stdout]    |                      ^^^^^^^
[INFO] [stdout]    |
[INFO] [stdout]    = help: add `#![feature(raw_vec_internals)]` to the crate attributes to enable
[INFO] [stdout] 
[INFO] [stdout] 
[INFO] [stderr] error: could not compile `null-vec`.
[INFO] [stderr] 
[INFO] [stderr] To learn more, run the command again with --verbose.
[INFO] [stderr] warning: build failed, waiting for other jobs to finish...
[INFO] [stdout] error[E0599]: no method named `cap` found for struct `RawVec<T>` in the current scope
[INFO] [stdout]   --> src/lib.rs:68:36
[INFO] [stdout]    |
[INFO] [stdout] 68 |             for i in cap..self.raw.cap() {
[INFO] [stdout]    |                                    ^^^ private field, not a method
[INFO] [stdout] 
[INFO] [stdout] 
[INFO] [stdout] error[E0599]: no method named `cap` found for struct `RawVec<T>` in the current scope
[INFO] [stdout]   --> src/lib.rs:80:27
[INFO] [stdout]    |
[INFO] [stdout] 80 |         if idx < self.raw.cap() {
[INFO] [stdout]    |                           ^^^ private field, not a method
[INFO] [stdout] 
[INFO] [stdout] 
[INFO] [stdout] error[E0599]: no method named `cap` found for struct `RawVec<T>` in the current scope
[INFO] [stdout]   --> src/lib.rs:89:27
[INFO] [stdout]    |
[INFO] [stdout] 89 |         if idx < self.raw.cap() {
[INFO] [stdout]    |                           ^^^ private field, not a method
[INFO] [stdout] 
[INFO] [stdout] 
[INFO] [stdout] error[E0599]: no method named `cap` found for struct `RawVec<T>` in the current scope
[INFO] [stdout]   --> src/lib.rs:99:34
[INFO] [stdout]    |
[INFO] [stdout] 99 |         for i in start..self.raw.cap() {
[INFO] [stdout]    |                                  ^^^ private field, not a method
[INFO] [stdout] 
[INFO] [stdout] 
[INFO] [stdout] error[E0599]: no method named `cap` found for struct `RawVec<T>` in the current scope
[INFO] [stdout]    --> src/lib.rs:106:25
[INFO] [stdout]     |
[INFO] [stdout] 106 |         return self.raw.cap()
[INFO] [stdout]     |                         ^^^ private field, not a method
[INFO] [stdout] 
[INFO] [stdout] 
[INFO] [stdout] error[E0658]: use of unstable library feature 'raw_vec_internals': implementation detail
[INFO] [stdout]    --> src/lib.rs:110:20
[INFO] [stdout]     |
[INFO] [stdout] 110 |         &*self.raw.ptr().offset(idx as isize)
[INFO] [stdout]     |                    ^^^
[INFO] [stdout]     |
[INFO] [stdout]     = help: add `#![feature(raw_vec_internals)]` to the crate attributes to enable
[INFO] [stdout] 
[INFO] [stdout] 
[INFO] [stdout] error[E0658]: use of unstable library feature 'raw_vec_internals': implementation detail
[INFO] [stdout]    --> src/lib.rs:114:24
[INFO] [stdout]     |
[INFO] [stdout] 114 |         &mut *self.raw.ptr().offset(idx as isize)
[INFO] [stdout]     |                        ^^^
[INFO] [stdout]     |
[INFO] [stdout]     = help: add `#![feature(raw_vec_internals)]` to the crate attributes to enable
[INFO] [stdout] 
[INFO] [stdout] 
[INFO] [stdout] error: aborting due to 14 previous errors
[INFO] [stdout] 
[INFO] [stdout] 
[INFO] [stdout] Some errors have detailed explanations: E0599, E0658.
[INFO] [stdout] 
[INFO] [stdout] For more information about an error, try `rustc --explain E0599`.
[INFO] [stdout] 
[INFO] [stderr] error: build failed
[INFO] running `Command { std: "docker" "inspect" "5b27536baca3f2fd573599a85d85a4e9fe66976de1b6b72c05d20ea441f51360", kill_on_drop: false }`
[INFO] running `Command { std: "docker" "rm" "-f" "5b27536baca3f2fd573599a85d85a4e9fe66976de1b6b72c05d20ea441f51360", kill_on_drop: false }`
[INFO] [stdout] 5b27536baca3f2fd573599a85d85a4e9fe66976de1b6b72c05d20ea441f51360
